remainder when u is divided by 22?
21
Let a(b) = 5*b**2 - 30*b - 16. What is the remainder when 1115 is divided by a(-4)?
11
Let w = 88 - 46. What is the remainder when w is divided by (8/12)/(111/54 - 2)?
6
Suppose -10*p + 24 = -6*p. Suppose -p*t - 59 - 37 = 0. What is the remainder when 60 is divided by t/56 - 298/(-14)?
18
Let w(s) = 123*s**2 - s + 1. Let g(q) = -q**2 + 15*q - 12. What is the remainder when w(2) is divided by g(5)?
35
Suppose 5*l - 33 = 3*l + g, -3*l - 2*g + 39 = 0. Calculate the remainder when ((-56)/21)/((-2)/3) + 62 is divided by l.
6
Let m = -214 + 248. Let g = m - -143. What is the remainder when g is divided by 20?
17
Let v(r) = 0*r**2 + 0*r**2 - 6*r**2 - r**3 - 4*r - 2*r**2 + 7. Suppose -2*u + 2*i = i + 14, 4*i = 3*u + 16. What is the remainder when v(u) is divided by 5?
4
Let z be (-9)/(-12) - (-80)/64. Suppose z*u = -7*u + 1341. What is the remainder when u is divided by 51?
47
Suppose -3*v - 2*f = 10, 5*f = 17*v - 12*v - 25. Calculate the remainder when (5 - -32)*(1 + v)*7 is divided by 52.
51
Let t(r) = -172*r - 1546. What is the remainder when t(-11) is divided by 18?
4
Let w be ((-1)/((-3)/(-14)))/((-28)/126). Suppose -2*f = -5*m + 30, -w = -3*m - m + f. Calculate the remainder when m is divided by 3.
1
Let a(r) = -2*r**2 - 34*r**3 + r**3 + r**2 + 0 - 2*r - 1. Suppose -4*d - 36 = -2*c, 4*c = -4*d + 15 + 21. Calculate the remainder when a(-1) is divided by c.
9
Let g be -1 + 493/(-3) + (-62)/93. Let u = 290 + g. Let m(z) = z**2 - z - 5. Calculate the remainder when u is divided by m(-5).
24
Suppose -20 = 2*t + 4. Let a(l) = l**3 + 39*l**2 + 50*l + 561. Calculate the remainder when a(-38) is divided by (1*9)/((-3)/t).
33
Calculate the remainder when 10/1035*-9 + (-307620)/(-207) is divided by 12.
10
Let y = 331 - 324. Let p = 89 - y. Let d(m) = -2*m - 5. What is the remainder when p is divided by d(-6)?
5
Suppose 0*r = 4*r - 2*f - 110, 3*r + 3*f - 78 = 0. Let o(u) = u**3 - 24*u**2 - 65*u + 9. What is the remainder when o(r) is divided by 37?
34
Let v = -28 - -41. Let c = v - -13. Suppose -5*z + 70 = 5*y, 6*y = -z + y + c. What is the remainder when 50 is divided by z?
6
Suppose -5*s + 4*s + 14 = 2*j, 24 = 4*j + 3*s. Suppose -4*n + 3*n + 4 = 0. Calculate the remainder when (0 - n) + (4 - -35) is divided by j.
8
Suppose 4*r - 3*u - 4328 = 0, 0 = r + 1604*u - 1606*u - 1082. What is the remainder when r is divided by 160?
122
Suppose -o - 28 = -5*g - 5*o, -3*g - 4*o + 20 = 0. Let h = 2207 + -2206. Calculate the remainder when (h - 3)/((-22)/209) is divided by g.
3
Let l = 28 + -11. Suppose -3065 = -3*g + 2*x, 2 = 4*x - 6. Suppose 58*b - 89*b = -g. Calculate the remainder when b is divided by l.
16
Suppose -658*i = -690*i + 320. What is the remainder when 4947 is divided by i?
7
Suppose 197*f - 198*f + 251 = 5*d, -1255 = -5*f + d. What is the remainder when f is divided by 95?
61
Let w(g) = g**3 - 3*g**2 + 95*g + 56. What is the remainder when w(0) is divided by 30?
26
Suppose 0 = -5*d + m + 496, -4*m = 4*d - 9*d + 484. Suppose 366 = a - d. Suppose 8*k - 94 - a = 0. What is the remainder when k is divided by 19?
13
Let m(v) = v - 2. Suppose -3*j = -8 - 13. Suppose 20 = -c + 6*c. What is the remainder when m(j) is divided by c?
1
Let h = 252 + -247. Suppose -4*w + 6*w = -8, -h*j - w = -421. Calculate the remainder when j is divided by 24.
13
Let u = -115 + 470. Suppose 191 + u = 6*o. What is the remainder when o is divided by 648/20 + 4/(-10)?
27
Let n(g) = 29*g + 2788. What is the remainder when n(-5) is divided by 192?
147
Suppose 14*z = 48 + 192 - 58. Let o = -142 - -293. Calculate the remainder when o is divided by z.
8
Calculate the remainder when 788 is divided by (-2824)/(-56) - (1392/112 - 12).
38
Let g(i) = -24 - 332*i**2 - i**3 + 319*i**2 - 16*i + 3*i. Let b be g(-12). Calculate the remainder when 87 is divided by (4 - -29)/((-9)/b).
43
Let g = -1638 - -1782. Calculate the remainder when 295 is divided by g.
7
Let c be -1 + 70 - (-1)/1. Let y = 164 - 160. Suppose y*h = 9*h - c. What is the remainder when h is divided by 3?
2
Let x = -253 + 214. What is the remainder when 75 is divided by (8/24)/((-1)/x)?
10
Suppose -2*s + 23 + 11 = 0. Suppose -62 - 26 = -44*j. What is the remainder when s is divided by j?
1
Suppose -25696 = -85*t - 24*t - 37*t. What is the remainder when 316 is divided by t?
140
Let d(t) = t**3 + 22*t**2 - 56*t + 200. What is the remainder when d(-24) is divided by 296?
96
Suppose 8*r = 3*r - 9*r + 6244. Calculate the remainder when 1788 is divided by r.
4
Suppose 3*o - 3*c - 775 = 2942, -3*c = 2*o - 2503. Calculate the remainder when o is divided by 178.
176
Let d = -1 + 12. Let c = 11 - d. What is the remainder when 61*(0 + 3/3 + c) is divided by 31?
30
Let b = -43 + 53. Suppose 42 = -b*g + 3*g. Let k = 37 + g. Calculate the remainder when k is divided by 16.
15
Suppose 2636 - 389 = 7*k. Let u = k - 318. Calculate the remainder when 10 is divided by u.
1
Let c be (1 - (-97)/(-2))*-2. Suppose -2*t + 53*r - 96 = 56*r, -3*t - 5*r = 142. Let u = c - t. Calculate the remainder when u is divided by 50.
49
Let u be 2896/10 + 4/10. Suppose 305 = j + u. What is the remainder when 205 is divided by j?
10
Let o(u) = -u**3 + 22*u**2 + 38*u - 175. What is the remainder when o(23) is divided by 47?
29
Suppose 0 = -157*m - 366 + 9472. Calculate the remainder when 3413 is divided by m.
49
Suppose 0 = -3*n - 3*w + 2184, n - 6*n = -2*w - 3682. Calculate the remainder when n is divided by 74.
68
Suppose 0*d - 70 = -5*d + 155. Let v be 0 + 1 - (-2)/2. Let y = v + 14. Calculate the remainder when d is divided by y.
13
Let g be (-1071)/(-35)*40/6. Suppose 4*t + 276 = 5*x, 3*t - 4*t + g = 4*x. What is the remainder when 204 is divided by x?
48
Let p(s) = 6*s**3 + 3*s**2 - 8*s + 31. Let t be p(7). Suppose -21*i + 31*i - t = 0. Calculate the remainder when i is divided by 58.
44
Let q(a) = -11*a - 1. Calculate the remainder when (-224)/15*(-3)/4*(-3 - -8) is divided by q(-1).
6
Let p(l) = l**2 + 64*l + 200. Calculate the remainder when 9619 is divided by p(-3).
14
What is the remainder when 158 is divided by (-6 - (-34 - -7)) + (5 - (1 - -1))?
14
Suppose -4*o + 76 = 4*d, -4*o + 8*d + 40 = 3*d. Suppose 39 + o = 3*c. Calculate the remainder when 84 is divided by c.
12
Suppose 28*h - 750 + 246 = 0. Let x = -62 + 163. Let b = x - 14. Calculate the remainder when b is divided by h.
15
Suppose -4*p + 16 = -160. Suppose 32*v - 1243 = 5*v + 1079. Calculate the remainder when v is divided by p.
42
Let a(p) = p**3 - 69*p**2 + 134*p + 71. Calculate the remainder when a(67) is divided by 32.
7
Suppose 17*k = -39*j + 36*j + 2193, 4*j = 5*k - 645. Suppose -3*v + 2*n = -78, -26 = v - 2*v + 5*n. What is the remainder when k is divided by v?
25
Let f(z) = -2*z**2 - 30*z - 14. Let s be f(-10). Suppose -91*y + 445 = -s*y. Calculate the remainder when y is divided by 46.
43
Suppose -5*h = -4*i - 18, i = -5*h - 3*i + 2. Let y = -7 - -12. Calculate the remainder when (8/(-10))/(236/120 - h) is divided by y.
4
Let y = -15 + 14. Calculate the remainder when (-35)/35*(-22 - y) is divided by 10.
1
Let y = -2181 - -2802. What is the remainder when y is divided by 151?
17
Let q(o) = 5*o**2 - o - 3. Suppose 18*z - 24*z = -5*z - 40. What is the remainder when q(5) is divided by z?
37
Suppose 5*p - 3 = m, 4*m - 5*p = 20 - 2. What is the remainder when 2 + 791/m - 7 is divided by 16?
12
Calculate the remainder when 1290 is divided by ((-217)/10)/(-1) - -3*7/70.
14
Suppose -2 = -3*j + 4*q + 33, 0 = 5*j + 4*q - 37. What is the remainder when 646 is divided by j?
7
Let w(o) = 21 + 8*o**2 + 3*o**2 - 3*o**2 + o**3 - 14*o**2 - 9*o. Suppose -5*m + 8 = -5*y - 12, 0 = 5*m + 5*y. What is the remainder when w(7) is divided by m?
1
Suppose 255*k - 244*k = 165. Let b(t) = -3*t - 10. What is the remainder when k is divided by b(-5)?
0
Suppose 5*j - 90 = -80. Calculate the remainder when j*1 - (-55)/11 is divided by 2.
1
Suppose 8*b - 10*b + 20 = 0. Suppose 0 = -j + 4*r + 17, -2*j + 5*r = -30 - b. Calculate the remainder when 99 is divided by j.
24
Let r = -474 - -480. Suppose -r*j + 349 = 31. Let o = 21 - 12. What is the remainder when j is divided by o?
8
Let j be 3380/13*((3 - 0) + -2). Let a = -204 + j. Calculate the remainder when a is divided by 6.
2